{"id":8,"date":"2022-06-19T08:14:11","date_gmt":"2022-06-19T08:14:11","guid":{"rendered":"https:\/\/www.sorste.ro\/neetssv\/?page_id=8"},"modified":"2022-06-19T08:43:09","modified_gmt":"2022-06-19T08:43:09","slug":"contact","status":"publish","type":"page","link":"https:\/\/www.sorste.ro\/neetssv\/contact\/","title":{"rendered":"Contact"},"content":{"rendered":"\n<p>Poti lua legatura cu noi la urmatoarea adresa:<\/p>\n\n\n\n<p><\/p>\n\n\n\n<p><strong>SC SORSTE SA<\/strong><br>Calea Moldovei 59, Focsani Vrancea<br>RO6704250<br><strong>Email: proiect@sorste.ro<\/strong><\/p>\n\n\n\n<p><strong>Pentru informa\u021bii detaliate despre celelalte programe cofinan\u021bate de Uniunea European\u0103, v\u0103 invit\u0103m s\u0103 vizita\u021bi <a href=\"http:\/\/www.fonduri-ue.ro\/\">www.fonduri-ue.ro<\/a><\/strong><\/p>\n\n\n\n<p><\/p>\n\n\n\n<figure class=\"wp-block-image size-full\"><img loading=\"lazy\" decoding=\"async\" width=\"1024\" height=\"226\" src=\"https:\/\/www.sorste.ro\/neetssv\/wp-content\/uploads\/2022\/06\/image.png\" alt=\"\" class=\"wp-image-46\"\/><\/figure>\n","protected":false},"excerpt":{"rendered":"<p>Poti lua legatura cu noi la urmatoarea adresa: SC SORSTE SACalea Moldovei 59, Focsani VranceaRO6704250Email: proiect@sorste.ro Pentru informa\u021bii detaliate despre celelalte programe cofinan\u021bate de Uniunea European\u0103, v\u0103 invit\u0103m s\u0103 vizita\u021bi www.fonduri-ue.ro<\/p>\n","protected":false},"author":1,"featured_media":0,"parent":0,"menu_order":0,"comment_status":"closed","ping_status":"closed","template":"","meta":{"footnotes":""},"class_list":["post-8","page","type-page","status-publish","hentry","entry"],"_links":{"self":[{"href":"https:\/\/www.sorste.ro\/neetssv\/wp-json\/wp\/v2\/pages\/8","targetHints":{"allow":["GET"]}}],"collection":[{"href":"https:\/\/www.sorste.ro\/neetssv\/wp-json\/wp\/v2\/pages"}],"about":[{"href":"https:\/\/www.sorste.ro\/neetssv\/wp-json\/wp\/v2\/types\/page"}],"author":[{"embeddable":true,"href":"https:\/\/www.sorste.ro\/neetssv\/wp-json\/wp\/v2\/users\/1"}],"replies":[{"embeddable":true,"href":"https:\/\/www.sorste.ro\/neetssv\/wp-json\/wp\/v2\/comments?post=8"}],"version-history":[{"count":2,"href":"https:\/\/www.sorste.ro\/neetssv\/wp-json\/wp\/v2\/pages\/8\/revisions"}],"predecessor-version":[{"id":47,"href":"https:\/\/www.sorste.ro\/neetssv\/wp-json\/wp\/v2\/pages\/8\/revisions\/47"}],"wp:attachment":[{"href":"https:\/\/www.sorste.ro\/neetssv\/wp-json\/wp\/v2\/media?parent=8"}],"curies":[{"name":"wp","href":"https:\/\/api.w.org\/{rel}","templated":true}]}}